r?
True
Let b(x) = 19265*x**2 + 869*x - 6137. Is b(7) a prime number?
True
Let i = -1646 - 879. Let h(v) = -3*v**2 - 20*v - 14. Let q be h(-22). Let c = q - i. Is c a composite number?
False
Let r(c) = -202*c - 121. Let y = -33 + 3. Is r(y) prime?
True
Let a(j) be the first derivative of -j**2 - 3*j - 2. Let f be a(-4). Suppose f*x = 5*t - 3830, -2*t + 2*x + 3074 = 2*t. Is t composite?
True
Is 8743225/(-125)*(-3 - (-7)/4)*4 composite?
False
Suppose 2*g - 8 = 5*s, -g + 0*g + 4 = -4*s. Suppose g*i + 20784 = -8*i. Let j = -705 - i. Is j composite?
True
Suppose 0 = -2389*f + 2390*f - 368417. Is f a composite number?
True
Let q = -9652925 - -6671557. Is q/(-182) + 6/7 composite?
True
Let y be (-5 - -8)/(9*5/60). Suppose y*o + 5059 + 1310 = 5*u, 5*u - 5*o - 6365 = 0. Is u a composite number?
False
Let o(x) = 9*x + 0*x + 8 + 6 - x. Let m be o(-5). Is (-966)/m + 2/(-13) composite?
False
Suppose -2*y + y + 44 = 0. Let o be 32/y*7664 - 4/(-22). Suppose -4*l + o = 5*w + 207, 5*l = 3*w + 6718. Is l a prime number?
False
Let w be (48 - 43) + 6/(-4)*-2. Let y be ((-50757)/(-14))/(2 + (-10)/w). Suppose 5*a + r = y, 3*a + r = -2*r + 2898. Is a a composite number?
False
Suppose -27 = -6*s - 3*s. Suppose 0 = s*c + 3*c + 12. Let w(a) = -1114*a - 9. Is w(c) a composite number?
True
Suppose 0 = -5*o + 10 + 30. Let w be -7 + o - (24325 - 0). Is (-2)/(-11) - w/44 composite?
True
Let y = 320 + -491. Is (-38)/y + 39949/9 a composite number?
True
Suppose 87481 = o - a, -3*o + 196*a = 199*a - 262395. Is o a prime number?
True
Suppose -609 = -32*n + 3*n. Suppose -n*v = -7032 - 10839. Is v composite?
True
Let d(p) = -220*p + 650*p + 7 - 3. Let b be d(2). Suppose -y - 3*c + 410 = y, 4*y - 5*c - b = 0. Is y composite?
False
Suppose -6513*h + 6492*h = -194019. Is h a composite number?
False
Suppose -54*r - 16400 = -59*r. Let b = 5963 - r. Is b composite?
False
Let h(m) = -m**3 - 39*m**2 - 128*m + 199. Is h(-68) a prime number?
False
Let i(q) = -2*q + 66. Let r be i(30). Suppose -5108 = 2*l - r*l. Is l a composite number?
False
Let p = -970177 + 1465976. Is p a composite number?
False
Let d(z) = 64*z**2 + 3*z + 6. Let h(p) = -p**2 + 14*p + 79. Let n be h(-4). Is d(n) a composite number?
False
Let p be (21/14)/((-3)/(-30)). Suppose 5*w - 63029 = -2*o, 19*w = p*w - 2*o + 50424. Is w a prime number?
False
Let s(u) = 166*u + 61. Let w(y) = -249*y - 92. Let q(t) = -8*s(t) - 5*w(t). Let p be q(17). Let l = p + 3132. Is l prime?
True
Let s(q) = q**2 + 11*q + 28. Let f be s(-7). Let c(k) = -2*k**2 - 9*k + 3203. Is c(f) prime?
True
Let d be (753/2)/((-16)/288). Let s = d - -11658. Is s a prime number?
False
Suppose -12 = -4*q, -4*s + 4312846 = -87*q + 85*q. Is s a prime number?
False
Let a(j) = -14*j - 137. Let b be a(-7). Is b/(-65) + 46472/5 - -6 a prime number?
False
Let z = 8830 - -20667. Is z a composite number?
True
Let j(s) = -8*s**2 - 16*s - 19 + 33*s - 12*s. Let m be j(-7). Is (-18)/(-6)*(1 + m/(-6)) a composite number?
True
Suppose 0 = 3*w - 6*w. Suppose w = 5*l - 12677 + 377. Let x = l + -1571. Is x a prime number?
False
Let w(y) = -71*y**2 + 6*y + 2. Let j(i) = -141*i**2 + 12*i + 4. Let x(f) = -2*j(f) + 5*w(f). Let b be x(-8). Is (b/21)/((-4)/6) a prime number?
True
Let h(z) = -z**3 - 23*z**2 - 41*z - 19. Let j(k) = k**3 + 8*k**2 - 5*k + 15. Let x be j(-9). Let d be h(x). Is (-22491)/(-24) + 85/d + 2 prime?
True
Is (-163148)/(13/(26/(-24)) + 8) prime?
True
Suppose -9*d = 4785496 - 13775263. Is d composite?
True
Let l = 132 - 130. Suppose -31234 = -8*o + 3*o + 3*u, u - 12487 = -l*o. Is o a composite number?
True
Suppose -81*k = -83*k + 10052. Let p = k + -2355. Is p composite?
False
Suppose 106 = -4*m + 186. Suppose -m*d + 16*d = -20156. Is d prime?
True
Let b(t) = 434*t**2 + 14*t - 6. Let l be b(6). Suppose p - 5*x - 6744 = 0, -3*x + 2221 = -2*p + l. Is p prime?
False
Suppose -393*i - 50919 = -397*i - 5*m, -4*i + 5*m = -50929. Is i a composite number?
True
Let l(q) = -53*q**3 - 11*q**2 - 34*q + 69. Is l(-20) a composite number?
False
Let w = 58 + -58. Let z(y) = -y**3 + 7833. Let v be z(w). Suppose v = 47*d - 44*d. Is d composite?
True
Let q be 8/36 - 2*37/9. Let z be 5/((-20)/(-1123)) + (-2)/q. Suppose -3*u = -p + 2*p - z, -4*p = -5*u - 1192. Is p a composite number?
False
Let w = 303 - 185. Let c(m) = w*m - 109*m + 10*m**2 - 3 - 9 - 1. Is c(10) a composite number?
True
Suppose -10*t = -0 - 20. Let j(k) = -k**3 - 15*k - 43 + 8 - 404*k**2 + 392*k**t. Is j(-13) prime?
False
Let i = -74 - -77. Suppose 0*y - 5*y = i*y. Suppose 2*u - 2334 = -g + 365, y = 5*g - u - 13539. Is g a prime number?
True
Let h be 6/(12/(-14)) - 21. Is (-13678)/(-4) - 42/h prime?
False
Suppose -10*l + 214642 = 2*l + 22*l. Is l prime?
False
Let b(a) be the third derivative of -37*a**6/30 - a**5/20 + a**4/12 - a**3/6 - a**2 + 40*a. Let p be 2/(-4)*(0 + 4). Is b(p) composite?
True
Let c = 59 - 136. Let p = c - -128. Let s = -20 + p. Is s a prime number?
True
Let t = -3142 - -2154. Let q = 1940 + t. Let n = 1737 - q. Is n composite?
True
Suppose -p = -4*a - 9591 - 2380, 3*a = 5*p - 59804. Is p a composite number?
False
Let f(y) = 2*y**2 + 2*y - 7. Let w be f(-3). Suppose 9*r + 182 = -w*r. Let t = 198 + r. Is t prime?
False
Suppose 0 = -3*o + 9 - 3. Suppose 3*s + 4673 = -5*t, -o*s + 3 = -5*s. Let f = 2897 + t. Is f composite?
True
Let c(n) be the first derivative of -n**3/3 - 9*n**2 + 4*n + 28. Let x be c(-18). Suppose -x*l + 6903 = 5*l. Is l a composite number?
True
Let m(c) be the second derivative of 569*c**4/12 - 2*c**3/3 + 3*c**2/2 - 166*c. Is m(4) composite?
False
Let h be 105348/9*((-165)/(-10) + -6). Suppose -6*g = 8*g - h. Is g a composite number?
False
Let f be 2 - (-1 + -8)/3. Suppose -f*r + 5*o + 2510 = 0, 0*r = -3*r + 4*o + 1509. Let z = r - -622. Is z composite?
True
Suppose 0 = -0*r + 5*r - 3*w - 5750, -w = -r + 1152. Let f = r - 594. Is f a composite number?
True
Let n(k) be the first derivative of k**3/3 + 27*k**2/2 - 13*k - 15. Let v be n(-27). Let j(f) = 8*f**2 + 10*f - 9. Is j(v) a prime number?
True
Let d be (4 + -1)/(2/(2/3)). Is (d/1 + -237)*2158/(-104) composite?
True
Let i = -627 - -244. Let h = i + 1957. Is h composite?
True
Let j = 395964 - 90395. Is j a prime number?
False
Let p = -484 - -3647. Is p/(0 + ((-25)/5 - -6)) prime?
True
Let s be (-6)/4 - (18/(-4) + 0). Suppose -s*f + 125 = 23. Is f a composite number?
True
Let x be (12/(-16))/((-1)/148). Suppose 112*f = x*f + 7342. Is f composite?
True
Suppose 1310918 = 95*q + 36873. Is q a prime number?
True
Let n(m) = 13*m**2 + 12*m - 11. Let b be (0 + 2)*(297/6)/(-11). Let u be n(b). Let q = -515 + u. Is q prime?
True
Is (-2)/((-32)/4110922) - (13446/(-432))/83 a prime number?
False
Let o(j) = -442*j + 29. Let d be 2/((-84)/108*(-4)/(-14)). Is o(d) a prime number?
True
Suppose -4*o + 77527 - 11381 = -44298. Is o prime?
True
Let l = -82 + -19. Let w = -98 - l. Suppose w*o - 293 = 2*o + 3*q, 3*q + 1441 = 5*o. Is o a prime number?
False
Let j = 11 - 12. Let v(s) = 840*s**2 + 4*s + 5. Is v(j) a composite number?
True
Let u(t) = -19022*t - 1180. Is u(-9) composite?
True
Let f(l) = -l**3 + 13*l**2 + 2*l + 1. Let v be f(13). Suppose -5*t + 2*t + 9 = 0, 0 = 4*z + 3*t + v. Is (-3102)/(-4)*(-6)/z composite?
True
Suppose 5*u - 7764 = -4*z - 0*u, -20 = 5*u. Let o = z - 1300. Let d = o - 224. Is d prime?
False
Is -5*(-5)/75 + 6 + (-5412900)/(-45) a composite number?
False
Suppose 3*c - 85064 = 31*c. Let h = -1483 - c. Is h a prime number?
False
Suppose -3*q - 597061 = -4*b, 4*b - 659281 = 5*q - 62214. Is b composite?
True
Suppose -32*m + 4181175 = -9*m + 1257944. Is m a composite number?
True
Let i = -7093 + 4706. Let v = i - -6186. Is v prime?
False
Let w = -3952 + 8153. Is w prime?
True
Let x = 460 - 847. Let m = 806 + x. Is m composite?
False
Is (4 - (-35)/(-7))*(-2 + 2172579/(-1)) a prime number?
True
Let d(c) = 52*c**2 - 26*c - 2. Suppose -2*k - k - 5*t = -56, 0 = 2*t - 8. Let m be d(k). Suppose -869 = 5*u - m. Is u a composite number?
True
Let t = 66943 - -111346. Is t a composite number?
False
Suppose d = -3*d - 1652. Let h = d - 2929. Is (h/(-12))/(1/2) a prime number?
True
Let w(s) = 46*s**2 + 11*s + 28. Let i(g) = 137*g**2 + 33*g + 83. Let b(h) = 6*i(h) - 17*w(h). Is b(-5) prime?
True
Let d = 2064991 + -1161564. Is d a composite 